ndreds digit of ((-2)/(-6)*12)/(k/47)?
1
Let k be (52/16)/(4/144). Suppose 0 = 8*i - 7*i - k. What is the hundreds digit of i?
1
Suppose 1397 = 4*v - d, 2*d = -v - 2*v + 1056. Suppose -4*y - 58 = -v. What is the tens digit of y?
7
Suppose 2*g - 2296 = 3*h, 42*g + h - 3466 = 39*g. What is the units digit of g?
4
Let b = -120 - -258. Suppose 2*t - 2*q - b = 0, -5*q + 62 + 41 = 2*t. What is the units digit of t?
4
Suppose 76*h - 16 = 72*h. Suppose -30 = -q + 4*a, -106 = -q - 2*q - h*a. What is the tens digit of q?
3
Suppose 3 + 6 = 5*i + 4*g, -2*i + g = -14. Let m be (-28)/(-6) - -11*6/(-99). Suppose m = -i*u + 9. What is the units digit of u?
1
What is the hundreds digit of 6872/8 + (0 + 1)/(-1)?
8
Suppose 0*n + 115 = -5*a - 5*n, -4*n = -5*a - 160. What is the tens digit of (292/7)/((-8)/a)?
4
Let f(u) = 935*u**2 + 17*u + 17. What is the tens digit of f(-2)?
2
Suppose 0 = -2*k - 3 + 13. Let w(m) = -7*m + 2*m**2 + 3*m + 3 - 4*m. What is the tens digit of w(k)?
1
Let w = 225 - -435. What is the units digit of w?
0
Let u(l) = l - 1. Let h(d) = -d**2 - 16*d + 10. Suppose -k = 3*p - 5, -5 - 4 = -4*k - p. Let i(m) = k*u(m) + h(m). What is the units digit of i(-14)?
8
Let w = 35 + 50. Let r = 177 - w. What is the units digit of r?
2
Let p(n) be the second derivative of n**4/12 - n**3/3 - 11*n. What is the units digit of p(7)?
5
Let h be (-41)/13 - (-4)/26. What is the tens digit of (-2)/h + 453/9?
5
Let y(r) = -14 + 14*r**2 - r**3 + 101*r + 1 - 118*r. What is the units digit of y(9)?
9
Let v = -1426 - -3274. What is the thousands digit of v?
1
Suppose -9*q + 15042 = 14*q. What is the hundreds digit of q?
6
Let b = 461 - -489. What is the hundreds digit of b?
9
Let j(g) = g**3 - g**2 - g + 1. Suppose -3*s + 2*u - 13 = -2*u, -5*u + 19 = -s. Let l be j(s). What is the tens digit of (-140)/(-5) + l + 1?
2
Let w = 1 + -1. Let m(p) be the third derivative of p**5/30 - p**4/12 + 8*p**3 + 2*p**2 - 3. What is the units digit of m(w)?
8
Suppose 9*v = 311 + 22. Let y = 139 - v. What is the hundreds digit of y?
1
Suppose -2*u + 392 = y, u - 201 = 10*y - 8*y. What is the units digit of u?
7
Let s be -16 + (3 + -1)*-1. Let c be (s/10)/((-9)/30). Suppose -3*t - 72 = -c*t. What is the units digit of t?
4
Let n = 12 + 1. Suppose -5*v = -2 - n. Suppose 24 = -v*u + 105. What is the tens digit of u?
2
Let p(y) be the second derivative of 4*y**3/3 - y**2 + 15*y. What is the tens digit of p(7)?
5
What is the hundreds digit of 12 - 160068/(-34) - (-2)/17?
7
Let b(f) = 44*f**3 + 0*f + 10 - 6*f**2 + 2*f - 50*f**3. What is the tens digit of b(-4)?
9
Let a(q) = 21*q - 15. Let d be a(9). Let y = -2 - -7. Suppose -p = y*p - d. What is the units digit of p?
9
Let w(a) = 2*a**3 - 6*a**2 + 19*a - 8. What is the hundreds digit of w(7)?
5
Let v(n) = 5*n. Let y be v(1). Suppose 0*i = y*i - 200. What is the tens digit of (-228)/(-10) + 8/i?
2
Let d be 23/(-3) - (-2)/(-6). Let o = -3 - d. Suppose 0*x + o*w + 18 = x, -3*x + 2*w = -80. What is the units digit of x?
8
Suppose -5*z + 2*z - 3*t + 57 = 0, 28 = 2*z - 3*t. Suppose 13*k = z*k - 808. What is the units digit of k?
2
Let x(b) = b**3 - 13*b**2 - 22*b + 24. Let q be x(14). What is the tens digit of (399/76)/((-6)/q)?
7
Let m be (-3)/(-15) + 339/5. Suppose -m + 413 = 5*g. What is the units digit of g?
9
Suppose 3 - 13 = -j. Let b(q) = q - 12. Let a(v) = 3*v - 35. Let p(r) = 3*a(r) - 8*b(r). What is the units digit of p(j)?
1
Let f = -12 + 48. What is the units digit of f?
6
Suppose 2*p - 5*i = 0, -4*p + i - 6*i = -30. Suppose -4*k = p*r - 154, -7*r + 2*r - 3*k = -153. Suppose 2*u = -u + r. What is the units digit of u?
0
Let x = 1792 - 383. What is the tens digit of x?
0
Let p(z) = -z**2 + 10*z - 9. Let i be p(9). Suppose -3*d = -3*h + 12, i*h - d - 6 = -3*h. Let y = h + 9. What is the units digit of y?
0
Let c(u) = 2*u**3 - 3*u**2 + 4*u - 4. Let b be c(5). Let k = -133 + b. What is the units digit of k?
8
What is the units digit of (1526/6 - 1)*216/48?
0
Suppose 2*g = g - 4*f + 12, -3*g - 3*f + 18 = 0. Let r(b) = 4 + 3*b - 1 + 2 - 7. What is the tens digit of r(g)?
1
Let q = 506 - 290. Suppose q - 84 = 3*n. Suppose 4*l = -8, w - n = 5*l - 0*l. What is the units digit of w?
4
Let n be ((-60)/(-3))/1 - -2. Let b = 25 - n. What is the units digit of b?
3
Let y be (-10)/(-65) - (-4)/(-26) - -100. Suppose -5*r + y = t, 2*t - 2*r + 418 = 6*t. What is the units digit of t?
5
Suppose 2*h - 8 = -0*h. Let o(a) = 5*a**2 - 3*a + 1. What is the units digit of o(h)?
9
Let d(g) = -2*g**2 + 114*g - 51. What is the units digit of d(35)?
9
What is the units digit of ((-18)/(-5))/((-80)/(-200))?
9
Suppose -l - 158 = -4*n - 3*l, n = 3*l + 29. What is the units digit of (-3135)/n*12/(-10)?
9
Suppose h + 6 - 3 = 0. Let s(m) = 5*m**2 + m + m**2 - 4*m**2 + 1. What is the units digit of s(h)?
6
Let o = 3 - -66. Suppose -o - 18 = -3*i. What is the tens digit of i?
2
Let f(a) = a + 9. Let c be 96/(-15) - (-12)/(-20). What is the units digit of f(c)?
2
Suppose -t = -4*p + 2341, 6*t + 2361 = 4*p + t. What is the hundreds digit of p?
5
Let m = -31 - -29. Let i be m - -3 - (8 + -43). Suppose 0 = k - i - 7. What is the tens digit of k?
4
Suppose -3*p + 7*p - 3 = -q, -25 = 5*q. Let w be p*4 - (-4)/(-2). Suppose 4*o = 6*o + 4*i - w, 4*o - i - 57 = 0. What is the tens digit of o?
1
Let u = -760 + 1267. What is the tens digit of u?
0
Let w(i) = 3*i**2 + 8*i + 4. Suppose 0 = 4*r - h - 18, -7*h + 2*h + 15 = r. Suppose 0 = -r*v + 10*v + 25. What is the tens digit of w(v)?
3
Suppose -u + 3*r + 20 = 0, 4*u = 3*r - r + 30. Suppose -u*o + 60 = -0*o. What is the tens digit of o?
1
Suppose -3*z - 17*z = -1380. Suppose 70*i = z*i + 104. What is the units digit of i?
4
Let t be (0 - -1)*(-234)/(-18). Let o = 9 + -12. Let p = t - o. What is the tens digit of p?
1
Let a = 23 - 21. Suppose 0 = -5*t + 5*o + 40, 3*t - a*o = 3*o + 30. What is the units digit of 2 + 112/(t - 1)?
0
Let h(r) = 21*r**3 - 6*r - 3. Let n(g) = -62*g**3 + 17*g + 8. Let b(p) = -11*h(p) - 4*n(p). What is the units digit of b(1)?
6
Suppose -44*f + 154105 = -5307. What is the thousands digit of f?
3
Let n = -335 + 539. Suppose 2*i = -0*i + n. What is the tens digit of i?
0
Let p = 102 + -94. Let j(m) = -2*m**3 + 18*m**2 + 2*m - 16. What is the units digit of j(p)?
8
Let b = -238 - -1162. What is the units digit of b?
4
Let u(i) = 3*i**2 + 2*i + 1. Let c be u(-1). Let p be 160/5 - 1*c. Suppose 2*x - 2*b = 28, 2*b + 2 = -2*x + p. What is the tens digit of x?
1
Suppose -18 = -6*o + 3*o. Suppose 0*h = -o*h + 288. What is the tens digit of h?
4
Suppose -18 + 8 = -10*w. Let b(r) = -r**2 - 7*r - 8. Let g be b(-8). Let h = w - g. What is the units digit of h?
7
Let g = 9 + -7. Let c = g + 0. Suppose -4*l + 3*j = -129, -15 - 72 = -c*l - 3*j. What is the units digit of l?
6
What is the hundreds digit of (-10488)/(-42) + 1 + (-25)/35?
2
Let d = -43 + 64. What is the hundreds digit of 5551/d - (-4)/6*1?
2
What is the tens digit of 2388/16*(-9 + 41)?
7
Let o be (14/(-3))/((-4)/18). Suppose 0 = -4*r - u + o, r - 5 - 10 = 3*u. What is the tens digit of r/(-9)*(-72)/3?
1
Suppose 21*s - 6 = 22*s. Let o = s + 10. What is the tens digit of (-36)/(-16)*o*4?
3
Suppose 0 = 2*m + 2*p + 30, -5*m - p - 10 = 77. Let f = -21 + 28. Let r = f - m. What is the tens digit of r?
2
What is the tens digit of (-6)/8*10*(-4424)/35?
4
Let x(q) = q**2 - 2*q - 1. Let t(f) = f**2 - 2*f - 3. Let b be t(4). What is the tens digit of x(b)?
1
Let f be ((-3)/2)/((-6)/20). Let l be 222 + 2*(3 - (-25)/(-10)). Suppose -2*g = 5*d - 349, -g = f*d - 129 - l. What is the units digit of d?
1
Let o(k) = -6*k**3 + 15*k**2 + 25*k + 44. Let l(z) = -5*z**3 + 16*z**2 + 24*z + 43. Let w(x) = 7*l(x) - 6*o(x). What is the tens digit of w(-21)?
0
What is the units digit of (31795/20 - -2) + 27/(-36)?
1
Let n = -6 + 10. Let z be (n/8)/1*0. Suppose z = 3*c + 3*c - 198. What is the tens digit of c?
3
Let u(n) = -n**3 + 6*n**2 + 7*n + 5. Let r be u(7). Suppose 5*w + r*y - 215 = 0, 5*w + 6*y - 215 = 3*y. What is the units digit of w?
3
Let k = -35 - -65. Suppose -27*u - 120 = -k*u. What is the units digit of u?
0
Suppose 0 = -4*h + 9 - 49. Let b = h - -46. What is the units digit of b?
6
Let g(n) be the third derivative of 1/8*n**4 + 4*n**2 - 1/120*n**6 + 3/2*n**3 + 0 + 0*n + 3